base 13) in base 4?
120302101
What is 435362 (base 7) in base 10?
76337
Convert 11a4298 (base 11) to base 10.
2084695
-111211011201 (base 3) to base 8
-1023254
What is -200132320 (base 4) in base 10?
-133048
Convert 605553 (base 10) to base 2.
10010011110101110001
Convert -3446243 (base 10) to base 9.
-6432318
Convert 7092280 (base 11) to base 4.
233310132020
What is -4123043 (base 5) in base 14?
-1a733
Convert 19dec (base 15) to base 8.
244263
1101100000111100 (base 2) to base 4
31200330
Convert -10223031020 (base 4) to base 3.
-2022021010112
21202325 (base 6) to base 15
c4742
12100111121 (base 3) to base 15
2132d
Convert 6762200 (base 8) to base 14.
358252
What is 115521 (base 13) in base 2?
1100100100000111111
-384483 (base 13) to base 16
-14a102
What is 608508 (base 10) in base 12?
254190
-4000140 (base 6) to base 12
-90050
-11211221120020 (base 3) to base 16
-275412
86220 (base 9) to base 11
39947
What is 11101110010011110 (base 2) in base 5?
12401024
Convert 11121011021210 (base 3) to base 7.
26525556
What is 121201231032 (base 4) in base 10?
6691662
Convert 3364024 (base 7) to base 9.
707877
-79234f (base 16) to base 5
-4013021040
What is -5b8799 (base 13) in base 8?
-10264321
-1474656 (base 8) to base 13
-11b207
What is 2223232111 (base 4) in base 13?
1b8203
a30428 (base 13) to base 16
39f91b
Convert 74269 (base 11) to base 2.
11010011001100000
What is -247a681 (base 12) in base 2?
-11011001100111001000001
What is -2011122112122 (base 3) in base 8?
-4316542
Convert -69035 (base 14) to base 5.
-31131424
-80534 (base 16) to base 6
-15133232
What is b902 (base 14) in base 5?
2010300
What is 52422101 (base 7) in base 2?
10000111000100000110011
-141442303 (base 6) to base 15
-3be29c
65660112 (base 8) to base 11
7a707a9
What is -32102021311 (base 4) in base 6?
-212131021
Convert 20588 (base 13) to base 12.
2973b
-57524306 (base 8) to base 13
-2786425
Convert -15512365 (base 8) to base 9.
-6651740
Convert 2420213302 (base 5) to base 9.
11534081
502321432 (base 6) to base 12
2a29278
What is -589603 (base 10) in base 13?
-1784a1
-52585 (base 9) to base 3
-1202122212
842700 (base 9) to base 2
1111010001110110101
Convert -26341166 (base 8) to base 3.
-102001212020212
-281600 (base 15) to base 16
-1d6d1b
What is -140a57 (base 12) in base 11?
-208445
e029 (base 15) to base 4
23202321
-25227 (base 11) to base 10
-36208
What is -1d7a3 (base 15) in base 3?
-11220000000
11101211110122 (base 3) to base 5
1044321343
What is 41ec07 (base 15) in base 7?
35446633
What is -231003232 (base 4) in base 10?
-184558
-68554 (base 11) to base 5
-11133113
2020000112212 (base 3) to base 11
737653
What is 7017c0 (base 15) in base 16?
513033
What is -1a057 (base 15) in base 3?
-11021212001
Convert 300fbd (base 16) to base 13.
863880
Convert 200223 (base 9) to base 5.
12241111
-451021 (base 7) to base 8
-233347
-749644a (base 11) to base 13
-2968735
-121013101 (base 4) to base 3
-12020002211
Convert 4975a1 (base 11) to base 2.
10111111111001010110
Convert b6230 (base 13) to base 14.
87614
What is 20120102202 (base 3) in base 7?
1046054
1000223133 (base 4) to base 11
171053
What is -1265626 (base 10) in base 7?
-13520605
What is 10110011100101010 (base 2) in base 12?
45262
What is dd9c (base 14) in base 6?
453330
What is -85601 (base 15) in base 3?
-210111120001
What is 4676456 (base 9) in base 4?
21221312232
What is aa031 (base 12) in base 3?
102102012101
-23c00 (base 16) to base 11
-a0020
-30831 (base 13) to base 11
-5a46a
What is 525557 (base 8) in base 4?
222231233
-2400222 (base 5) to base 3
-2020002200
What is 43d37 (base 14) in base 16?
2828d
Convert 2114c30 (base 13) to base 4.
212121013013
What is 30626 (base 7) in base 6?
54445
-61240214 (base 7) to base 2
-10011011101101010011010
What is -1475056 (base 8) in base 15?
-85b99
-1b1859 (base 15) to base 3
-2111010202210
-13310133010 (base 5) to base 4
-1000121023330
What is e4670 (base 15) in base 3?
1100202201220
13112213 (base 7) to base 15
1897b2
111011100100000100000001 (base 2) to base 7
246501322
Convert -100020100103 (base 4) to base 12.
-14ba9ab
What is -24c3b (base 14) in base 2?
-10110000001100101
Convert -1453416 (base 10) to base 16.
-162d68
8593ae (base 16) to base 9
17422321
What is 1503153 (base 6) in base 15?
1a853
Convert -21b46 (base 14) to base 10.
-81794
Convert -128889 (base 10) to base 4.
-133131321
71683 (base 15) to base 9
606676
What is c02d3 (base 15) in base 13?
183a68
-8da7a8 (base 15) to base 4
-121310133200
1c8a1 (base 13) to base 12
28788
-5917c (base 15) to base 10
-283842
-1231313310 (base 4) to base 7
-3553026
What is -122203131 (base 4) in base 6?
-2155313
What is 315582 (base 10) in base 6?
10433010
Convert -12100223103 (base 4) to base 2.
-110010000101011010011
What is 22102012210020 (base 3) in base 8?
21036703
What is 12021220011 (base 3) in base 8?
313352
What is 1c4ab7 (base 14) in base 9?
1812067
What is 1608997 (base 10) in base 4?
12020310211
-22603441 (base 8) to base 6
-253220001
What is 4a650 (base 12) in base 6?
2100140
Convert -231310021 (base 5) to base 10.
-1041261
-3201184 (base 9) to base 2
-110100010010010011011
What is -d63b8 (base 14) in base 13?
-1511c2
328e26 (base 16) to base 5
1322010230
-12120020101 (base 3) to base 10
-109522
Convert -1158a (base 14) to base 8.
-122426
What is 22cd6 (base 14) in base 9?
138358
Convert -20206 (base 14) to base 12.
-3883a
a4761b (base 12) to base 13
6c6353
What is 8674b6 (base 12) in base 14?
3d5678
What is 33133013330 (base 4) in base 5?
2014402034
Convert -c4746a (base 14) to base 15.
-8adb28
Convert -539850 (base 10) to base 9.
-1012473
-1202001212020 (base 3) to base 7
-10606020
What is -202501 (base 9) in base 13?
-427ab
-151541350 (base 7) to base 9
-20884731
Convert 12311021032 (base 4) to base 14.
34875c
Convert 82920 (base 14) to base 16.
4ccf0
-16153540 (base 7) to base 11
-975794
-11314 (base 16) to base 10
-70420
What is -56453 (base 10) in base 7?
-323405
13212011313 (base 4) to base 3
10202011011220
Convert -1150708 (base 9) to base 5.
-124430440
Convert 25453251 (base 7) to base 5.
1043100402
Convert -12544545 (base 10) to base 2.
-101111110110101000100001
1574347 (base 9) to base 13
248845
What is 1010001100101010001 (base 2) in base 7?
2561142
What is 1000110011001100001001 (base 2) in base 8?
10631411
Convert 6d667c (base 15) to base 6.
304121100
-195843 (base 10) to base 15
-3d063
What is 10020111102 (base 3) in base 7?
353651
What is -354324414 (base 6) in base 15?
-8b5eca
Convert 26434555 (base 7) to base 11.
1409aa4
-2151002 (base 6) to base 3
-12110212002
350002 (base 9) to base 14
5672a
What is 7203a (base 12) in base 10?
148654
Convert 10022041423 (base 5) to base 12.
34015b3
Convert 14431114 (base 7) to base 4.
11032032031
Convert 403005 (base 6) to base 8.
76015
1ea277 (base 15) to base 11
936892
What is -13130032 (base 5) in base 11?
-89758
What is -77c0a (base 15) in base 13?
-104395
Convert -1010100111100011010 (base 2) to base 11.
-218450
What is 100110000110100110110 (base 2) in base 12?
502672
-333320041 (base 5) to base 15
-1dda9b
Convert -201555 (base 8) to base 7.
-364424
1322301310 (base 4) to base 9
845757
155035362 (base 7) to base 16
9fe8fe
Convert -a87a8 (base 16) to base 15.
-d970d
-117df (base 16) to base 5
-4243042
Convert -28100200 (base 9) to base 2.
-110100111011110111000101
-2773101 (base 8) to base 12
-319801
Convert 141306561 (base 7) to base 2.
100011001101010001001101
What is 221200011201 (base 3) in base 8?
1732754
-657802 (base 9) to base 14
-a324c
1714c (base 16) to base 8
270514
570732 (base 8) to base 4
233013122
Convert 30bc4 (base 15) to base 11.
a6116
-292dd (base 16) to base 6
-3340513
51251424 (base 6) to base 16
166948
What is -421034125 (base 6) in base 2?
-11011111101100000000101
743 (base 8) to base 12
343
Convert -8271 (base 12) to base 11.
-a737
What is -341531 (base 8) in base 10?
-115545
Convert 51738 (base 13) to base 11.
9a959
Convert 302030303000 (base 4) to base 13.
2959a72
Convert 1101011200020 (base 3) to base 9.
1334606
What is 384335 (base 9) in base 8?
706572
363101 (base 7) to base 13
23cc9
What is 11201112120 (base 3) in base 7?
535032
4147243 (base 8) to base 6
35335231
Convert 10011120010 (base 3) to base 13.
2250c
Convert 213231200 (b